 x = 1331 + 3431. What is the thousands digit of x?
4
Let f(y) = y**3 + 26*y**2 + 47. Let g be f(-26). Let l(d) = 39*d - 300. What is the thousands digit of l(g)?
1
Suppose -9*d + 2078075 = 16*d. What is the ten thousands digit of d?
8
Let t(k) = k**2 - 21*k + 20. Let c be t(20). Suppose 2*p - 602 + 126 = c. Suppose v - 43 = -0*v + 4*u, -3*u = 5*v - p. What is the units digit of v?
7
Let x(h) = -3661*h - 3014. What is the ten thousands digit of x(-6)?
1
Let h be 1318011/(-285) - (-2)/(-5). Let j = -3082 - h. What is the hundreds digit of j?
5
Let f be 8 + (-3)/2*2. What is the tens digit of 16/(-10)*(-25 - f)?
4
Suppose 19*y + 46251 = 70333 + 111274. What is the units digit of y?
4
Let n(c) = -13*c - 108 + 65*c - 20*c. What is the units digit of n(12)?
6
Suppose 12*m - 2*m = -30. What is the tens digit of (6 + -15)*(-6 - m)?
2
Suppose -9*m + 215739 + 159210 = 0. What is the ten thousands digit of m?
4
Let m = -124 + 31. Let v = m + 413. What is the units digit of v?
0
Let c(u) = -u**2 - 8*u + 11. Let t be c(-9). Suppose -t - 19 = l + 4*j, -2*j = -l + 9. Let v(g) = -73*g - 1. What is the tens digit of v(l)?
7
Let s(x) = 15*x - 34*x - 3 - 3*x**2 - 45*x**3 + 21*x. Let w be s(-3). What is the tens digit of w/12 + 2 + (-27)/12?
9
Let b be (429/15 - 1)/(2/10). Suppose -w = -m - 2*w + b, -3*m - w + 422 = 0. What is the hundreds digit of m?
1
Let t(d) = 18*d - 5. Let i be t(-4). Let c = 234 + -102. Let y = c + i. What is the units digit of y?
5
Suppose 2*g = -3*c - 9, 4*c - 3*g + 10 = -2. Let m be (6 - -87)*(c - -2). Let d = -27 - m. What is the tens digit of d?
6
What is the units digit of (21544866/(-99))/(-6) + (48/22 - 2)?
1
Suppose -2*j - 3*t = -11, -4*t = 2*j - j - 13. Let y be (-58)/6*9/j. Let c = 182 + y. What is the tens digit of c?
9
Let i(x) = -51*x - 6. Let z be i(-4). What is the hundreds digit of ((-16)/(-2) - 3) + z?
2
Let w be 105/(-63)*(-2 - -3)*-12. Suppose -17664 = 8*d - w*d. What is the hundreds digit of d?
4
Let f = 54 + -45. Let n(g) = 2*g**2 + 4*g - 17. What is the hundreds digit of n(f)?
1
What is the tens digit of 14464*((0 - -22) + -18)?
5
Let w = 3807 + -2033. Suppose k - 2842 - w = -5*p, p - 920 = -k. What is the units digit of p?
4
What is the thousands digit of (102/10)/(96/44160)?
4
Suppose 33*a - 7*a - 33315 = 97465. What is the tens digit of a?
3
Suppose -4*r = -4*i - 4, -4*r + 24 = i - 0*i. Suppose 0 = -l + i*q + 534, 2*l - 3*q - 1387 = -309. What is the tens digit of l?
4
Suppose 0 = -23*b + 20*b - 474. Let n = 48 - b. What is the units digit of n?
6
What is the tens digit of (-4*(-28984)/160)/((-3)/(-15))?
2
Let o(w) = -2*w**2 - 4*w - 3. Let b be o(-7). Let t = -66 - b. What is the units digit of t?
7
Let y(k) = 2*k**2 - k. Let f be y(-1). Suppose 0 = -3*o - 4*n + 780, f*n - 919 = -5*o + 381. What is the hundreds digit of o?
2
Suppose 2*d + 852 = 4*o - 86230, 21775 = o - 5*d. What is the tens digit of o?
7
Suppose 10*x + 3*x = 715. Suppose x = 4*n - 15*n. Let q(i) = i**2 - i + 4. What is the units digit of q(n)?
4
Suppose 3*i = 4*h + 1690, -2*i + 1122 = 2*h - 0*h. Suppose 0 = 2*x + 64 - i. Suppose -x = -5*s + 31. What is the tens digit of s?
5
Suppose 1 = -3*a - 3*u + 31, u = 5. Suppose -2*p = -3*c - 21, 23*p - 24*p + 8 = -c. Suppose -h + 89 - 690 = -a*r, 3 = -p*h. What is the units digit of r?
0
Let s = -90148 - -126557. What is the thousands digit of s?
6
Let h(q) = 21*q - 324. Let t be h(16). What is the hundreds digit of (t + 532/35)/((-1)/(-20))?
5
What is the thousands digit of -206*(5 + (-177)/12)/((-3)/(-8))?
5
Suppose -40 + 10 = -10*z. Suppose 9 - 3 = z*p - 5*m, 3*p = -4*m + 6. Suppose -p*a + 4658 = 15*a. What is the units digit of a?
4
Let u(n) = 208*n**2 - 6*n + 5. Let q = -107 + 108. What is the hundreds digit of u(q)?
2
Let d(x) be the third derivative of -x**5/60 - 11*x**4/24 - 3*x**3 - 7*x**2. Let s be d(-13). Let j = s - -47. What is the units digit of j?
3
Let t = -8 + 12. Let i be (20/4)/5 + (2 - -1). What is the units digit of i + t + (-4)/1?
4
Suppose -s - 6 = -0. Let o(y) = 8 + 27 - 12*y + 12 + 25 - 52. What is the units digit of o(s)?
2
Suppose -3*w - 426 = -3*u + w, -5*w + 399 = 3*u. What is the tens digit of 35/(-1)*u/(-21)?
3
Suppose -4*x = -12, 105*x + 75297 = 2*c + 106*x. What is the ten thousands digit of c?
3
Suppose 27*o + 19*o - 457102 = 0. What is the thousands digit of o?
9
Let z be 680/(-5) + -3 - 3. Let v = -135 - z. Let s(p) = 4*p**2 + 4*p + 3. What is the hundreds digit of s(v)?
2
Let p(a) = 25*a**2 + 31*a - 172. What is the tens digit of p(-14)?
9
Suppose 0*t + 5*t - 5*u - 330 = 0, 0 = 5*t + 3*u - 290. What is the hundreds digit of (t/7 + (-16)/(-56))*36?
3
Suppose 12*b = 27*b - 30. Suppose 43 = b*v - 15. What is the units digit of v?
9
Suppose 3*f - 8*f + 3*y = -30, 2*f - y - 11 = 0. Let c(x) = 12*x - 17 + 10*x**2 + x**f - 8 + 28. What is the tens digit of c(-6)?
7
Suppose -3*d = -3, 0*g + 3*d + 257 = -4*g. Let k be (g/(-3) - -3)/((-4)/18). What is the tens digit of 42*(k/(-66) - 2/11)?
6
Suppose 10*i + 192280 = 5*h + 13*i, -4*h - 4*i = -153832. What is the tens digit of h?
5
What is the ten thousands digit of 12969 - (-3 - 9/((-63)/49))?
1
Let k = -618 - -960. Suppose 0 = -4*g + 8, -3*o - 4*g + k = 4. What is the units digit of o?
0
Let v be 89/2 + 1/2. Suppose -5*y + 8*y = v. Let n = y - 9. What is the units digit of n?
6
Let l(y) = -y**2 - 17*y - 5. Let a be l(-12). Suppose 0 = 13*d - a - 3650. Let j = -106 + d. What is the tens digit of j?
7
Suppose -4*q + 27 = -7*y + 15, 2*y = 2*q - 6. Let g = 2 - 0. Suppose -q*w = -g*w - 79. What is the units digit of w?
9
What is the units digit of (-472)/59 + 1766/1?
8
Suppose -4*t + t + 51 = 0. Let p = t + -20. What is the units digit of 7/(p/105*-5)?
9
What is the units digit of 20/(-6)*470517/(-235)?
4
Let w(u) = 318*u - 970. Let s(f) = 107*f - 324. Let v(a) = -11*s(a) + 4*w(a). What is the units digit of v(6)?
4
Let b(u) be the third derivative of 32*u**6/3 + u**5/30 + u**4/4 - 7*u**3/6 - 41*u**2. What is the thousands digit of b(1)?
1
Let o = -356 + 353. Let x(s) = 22*s**2 + 6*s. What is the units digit of x(o)?
0
Suppose -i = -2*o - 18, 2*i + o - 53 - 3 = 0. Suppose -2*u = -f + 957, 29*u - i*u - 4811 = -5*f. What is the units digit of f?
1
Let y(c) be the second derivative of -c**5/20 + 29*c**4/12 + 35*c**3/6 - 34*c**2 - c + 33. What is the tens digit of y(30)?
8
Let n = 174 - 481. Let v = 147 + n. Let s = 275 + v. What is the tens digit of s?
1
Suppose 2*c - 45*z - 21040 = -42*z, -52600 = -5*c - 2*z. What is the units digit of c?
0
What is the units digit of (-4 - -2) + 3769 - ((-3 - -30) + -23)?
3
Let i = 372 + -170. What is the units digit of 25/10*i/5?
1
Let o(f) = -f**3 - 13*f**2 + 13. Let c(j) = 3*j + 1 - 10*j + 9*j. Let w be c(-7). What is the units digit of o(w)?
3
Suppose -54*o + 304320 + 995009 = -844633. What is the ten thousands digit of o?
3
Suppose -92*v = -961098 - 1560070. What is the ten thousands digit of v?
2
Let q = 44831 + 3206. What is the thousands digit of q?
8
Suppose 39*o = 43*o - 176. Suppose 112 + o = 2*a. Suppose -10*v = -12*v + a. What is the tens digit of v?
3
Let r(j) = 2*j**3 - 19*j**2 + 12*j + 10. Let g be r(12). Let f = g - 494. What is the units digit of f?
0
Let x(j) = 45*j**2 - 2*j - 45*j**2 + j**3 - 3. Let i be x(3). What is the tens digit of i/((42/(-32))/(-7)) - 2?
9
Let n = -15552 + 27361. What is the thousands digit of n?
1
Let f = 301 - 297. Suppose -g = -f*l - 84, g - 5*l + 3*l - 80 = 0. What is the units digit of g?
6
Let b(l) = -76*l + 214. Let w = 209 + -220. What is the tens digit of b(w)?
5
What is the hundreds digit of 34300 - (16 - (5 + 9 + -8))?
2
Let x(i) = i**2 - 97*i + 7637. What is the units digit of x(0)?
7
Suppose 13*o + 29 = -23. Let u(r) = r**3 + 8*r**2 - 6*r - 24. What is the tens digit of u(o)?
6
Suppose i + i = -z + 9, 5*z - 5*i = 15. Suppose -3*w + 0*a + 2*a = -4812, 6*w - 9651 = -z*a. What is the units digit of w?
6
Suppose 25 = 5*k, -b + 4*k = 3 + 14. Suppose -30*o + 24192 = -b*o. What is the units digit of o?
6
Let x be (-11 + 252/12)*885/2. Let p = 6233 - x. What is the hundreds digit of p?
8
Suppose p + 3*o - 3937 = 0, -5*p + o + 23233 = 3548. What is the tens digit of p?
3
What is the hundreds digit of 30/(-27) + (-4802966)/(-477)?
0
Let l(w) = -2*w**2 + 6